7*l**3/6 - 5*l**2/2 - 71*l. What is n(4)?
-9
Let y(f) = -f**3 - 3*f**2 + 2. Let t be -11 + 3312/304 - (-148)/(-38). Suppose 0 = 4*h + 5*g - 13, g + 3*g - 8 = -2*h. Let p = t + h. What is y(p)?
-2
Let q(r) = r**2 - 7*r + 2. Let j be ((-3)/2)/(21/(-266)). Let d = -12 + j. Determine q(d).
2
Let h(g) = g + 2 - 4*g + 2*g. Give h(9).
-7
Suppose 54*p = -54*p + 117*p. Let s(g) = g**3 + g**2 + 17. Determine s(p).
17
Suppose 3*i = 3*g - 36, 2*i + 3*i = 2*g - 15. Let u = g - 12. Let j(z) = -z + 0*z**2 - 5*z**2 + u*z + z**3 - 5. What is j(5)?
5
Let z = 44 - 51. Let s(l) = 2*l + 11. Determine s(z).
-3
Let l be (3/(-5))/((-2)/30). Let j(b) = -2*b + 19. Let n be j(l). Let v be (-5)/((-15)/(-24)) + n. Let m(t) = -t + 3. What is m(v)?
10
Let k = 22 - -6. Suppose -33*a = -k*a - 45. Let t(d) = d - 1. What is t(a)?
8
Let b(j) = 29*j + 4. Let l(v) = 7*v - 1. Let r(q) = -b(q) + 4*l(q). Calculate r(-8).
0
Let y(a) = -a**2 - a + 1. Let k(u) = 10*u**2 + 2*u - 4. Let w(x) = -k(x) - 3*y(x). Give w(1).
-5
Let l(j) = -8*j - 46. Let s be l(-6). Let x(r) = -2*r**2 + 7*r + 3. Let f(a) = a**2 - 6*a - 2. Let t(y) = 5*f(y) + 4*x(y). Calculate t(s).
-14
Let z(k) = -4*k - 13. Let t(c) = 11*c + 36. Let j(m) = -6*t(m) - 17*z(m). Give j(-4).
-3
Let c(u) = 22830*u**3 - 5 + 4 + u**2 - 22829*u**3. Suppose 2*r + f = -0*r - 9, -3*r = 3*f + 21. Let x be r + 0 - (2 - 3). Determine c(x).
-1
Let p be 148/6 - 2/(0 + -6). Suppose -22*x = -p*x - 12. Let b(h) = 2*h + 5. What is b(x)?
-3
Let a(r) be the third derivative of -r**6/360 + r**5/60 - 7*r**4/8 + 23*r**2. Let w(y) be the second derivative of a(y). Give w(-2).
6
Let q(o) = o**2 - 7*o + 3. Suppose 13 = -r - f + 3*f, -2*r + 2*f - 16 = 0. Let w = 4 + r. Let i be ((-3)/(-12))/(w/20). Calculate q(i).
-7
Let r be (2 - -1)*(-25)/(-3). Suppose 0 = 6*t - 5 - r. Let z(p) = p**3 - 5*p**2 - p + 2. What is z(t)?
-3
Let z(a) = -4*a**3 + 18*a**2 + 22*a - 25. Let f(h) = 3*h**3 - 12*h**2 - 15*h + 17. Let c(o) = -7*f(o) - 5*z(o). Calculate c(-5).
6
Let l(w) = 4*w**2 + 1. Let s = -335 + 334. What is l(s)?
5
Let i(o) be the second derivative of o**4/12 - o**3/6 - o**2/2 + 5*o - 5. Let d(u) = -u + 1 - 3 + 0. Let s be d(-1). What is i(s)?
1
Let h = 829/1650 + -2/825. Let r(i) be the second derivative of 11*i + h*i**2 + 1/12*i**4 - 4/3*i**3 + 0. Give r(6).
-11
Let z(x) be the first derivative of x**4/4 - 7*x**3/3 + 4*x**2 - 9*x + 1. Let h = -197 + 203. Determine z(h).
3
Suppose -6*h = 2 + 16. Let g(r) = r**3 + 7*r**2 + 4*r - 6. Let a(u) = 2*u**3 + 13*u**2 + 7*u - 11. Let l(f) = -3*a(f) + 5*g(f). Determine l(h).
-3
Let j(r) be the third derivative of r**4/8 - r**3/6 + 6*r**2 + 5*r. Calculate j(8).
23
Let t(y) be the second derivative of -2*y**3/3 - y**2/2 + 295*y. Determine t(-2).
7
Let m(i) = -4*i + 3. Suppose -20 = 5*f - 0*f. Let x be (20/(-35))/(f/42). Suppose 18 = 6*k + x. Give m(k).
-5
Let x be (2/(-3))/((-10)/30). Suppose t + 2*n + 6 = -0, 2*t - 12 = x*n. Let o(h) = -6*h - 2. Calculate o(t).
-14
Let g(k) = 5*k + 9. Let r be -14 + (3 - 25/(-5)). What is g(r)?
-21
Let s(t) = -3*t - 6. Suppose 2*i - 10 = 0, v - 2*i + 3 = -i. Suppose -35 = 3*p + 3*f - 8*f, -2*p - 2*f - v = 0. What is s(p)?
9
Let s(x) = 14*x + 7. Let j(y) = 7*y + 3. Let a(m) = 7*j(m) - 3*s(m). Let n = -9 + 8. Let k be 6/(-9)*-3 + n. What is a(k)?
7
Let s(q) = -q**2 + q. Let r(o) = -7*o**2 - 8*o - 23. Let z(w) = r(w) - 6*s(w). Give z(-12).
1
Let v(q) be the first derivative of q**3/6 + 3*q**2 + 18*q + 42. Let f(g) be the first derivative of v(g). Determine f(5).
11
Let m(n) = -n + 6. Suppose 5*x - 288 = -253. Calculate m(x).
-1
Let z(j) = -3*j + 5. Let y be 21/(-14)*(-16)/(-12). Let i(u) = u**2 - 3*u - 6. Let n be i(y). What is z(n)?
-7
Let p(k) = 2*k**3 - 5*k**2 + 2. Let n(a) = 48*a - 237. Let g be n(5). Calculate p(g).
11
Let t(h) = h**3 + h**2 - 5*h - 2 + 0 - 6*h**2 - h**2. Let f be 28/24*-3*-2. What is t(f)?
12
Let p(a) = -a**3 + a + 7. Suppose -3*h = 2*h + 120. Let r be 1/6 - (-4)/h. Determine p(r).
7
Let l(q) = -2*q - 7. Let y(w) = 12*w - 51. Let u be y(5). Calculate l(u).
-25
Let v(b) = -7*b**2 + b + 2. Let s(w) be the first derivative of -w**3/3 + w - 10. Let p(l) = 4*s(l) - v(l). What is p(-2)?
16
Let r(i) = -i**2 - 3*i + 2. Let j be r(-3). Let k(s) = -6*s**3 + 4*s**3 - 1 - j*s + 3*s**3 + 2*s**2. Give k(-2).
3
Let q(b) be the first derivative of b**4/4 - 3*b**3 + 5*b**2 - 11*b - 5. Suppose -k - 13 = 3*p, 2*p = -3*k + 7*p + 31. Suppose 10 = -k*t + 26. Calculate q(t).
5
Suppose -190*h + 29 = -192*h - q, -61 = 4*h + 3*q. Let j(z) = -z - 4. What is j(h)?
9
Let s(p) = 4*p**2 + 3*p + 2. Let o(h) = 3*h + 3*h**2 - 1 + 8 - 6. Let a(l) = 5*o(l) - 4*s(l). Determine a(2).
-1
Let i(v) = -4*v**2 + v - 2. Let n(a) = -2*a**3 + 46*a**2 + 2*a - 49. Let p be n(23). What is i(p)?
-41
Let h = -741 - -730. Suppose -45 = 3*i - 5*g, 0*g = -4*i - 2*g - 60. Let v = h - i. Let y(r) = r**3 - 4*r**2 + 3*r - 2. What is y(v)?
10
Let p(y) = -3*y + 19. Let o be 56/(-7)*(3 - 4). Determine p(o).
-5
Let n(w) be the second derivative of -1/20*w**5 + 0 + 2*w - 4*w**2 - 5/6*w**3 - 7/12*w**4. Determine n(-6).
-14
Suppose -2*t + 5*q + 0*q - 14 = 0, 4*t - 20 = -2*q. Let o(y) = 4*y - 5. Calculate o(t).
7
Let z(q) = -q**3 + 6*q**2 - 4*q + 7. Suppose -3*u - 5*o + 40 = 0, -2*u + o + 2 + 3 = 0. What is z(u)?
12
Suppose -q = 8*i - 3*i - 94, 3*i - 4*q - 38 = 0. Let l be (-135)/i*(-4)/(-5). Let h(o) = -o**2 - 6*o + 6. What is h(l)?
6
Let p(d) be the second derivative of d**5/20 - d**2/2 + 63*d. What is p(2)?
7
Let g be (12/(-10))/((-2)/10). Let r be ((-9)/g)/((-9)/(-6)). Let n(j) = 10*j + 5 - 5. Give n(r).
-10
Let r(g) = 3*g - 8. Let a(u) = u**3 + 17*u**2 + 44*u + 21. Let y be a(-14). What is r(y)?
-29
Let p(g) be the third derivative of g**5/60 - g**4/3 + g**3/3 - 2*g**2. Let q = -39 - -44. Suppose b = q*z - 36, 0*z - 4*b - 8 = -3*z. Calculate p(z).
2
Let t(h) = -4*h - 19. Suppose -81*b - 24 = -77*b. Give t(b).
5
Let i(y) = -7*y**3 - y. Let q be i(-1). Let n be (-80)/q*2/(-4). Let t be 20/n - (1 - -8). Let g(r) = r**3 + 6*r**2 + 3*r + 1. Give g(t).
11
Let z = -23 + 25. Let a(u) = -z*u**2 - u**2 - 3*u**2 + 3 + u**3 - 7*u. What is a(7)?
3
Let k(t) = 3*t + 17. Let w = -22 + 5. Let z(v) = -v - 6. Let p(c) = w*z(c) - 6*k(c). Suppose -2 = -2*a + 4. What is p(a)?
-3
Let i(n) = -3*n - 12. Suppose 0 = 4*u - 5*r - 9, 3*u + 4*r + 36 = -u. Let f be i(u). Let v(k) = k**2 - 7. Calculate v(f).
-7
Let p be 6*(-8)/(64/60). Let a be p/60 + 3/4. Let y(d) = d + d**3 + 4*d + d**2 - 10 - 6*d. What is y(a)?
-10
Let o(v) = 2 - v**2 - 7*v + 0 - 4 + 0. Let p(h) = 3*h - 3. Let z be p(-5). Let w be (z/(-8))/((-9)/24). Determine o(w).
4
Let i(h) = 3*h**3 - h - 8. Let a(p) = 13*p**3 + 2*p**2 - 5*p - 34. Let y(f) = 2*a(f) - 9*i(f). Calculate y(3).
10
Let k(d) be the second derivative of -5*d**4/6 + d**3/6 - d**2/2 - 14*d. Suppose -5*j = -22*j + 17. Calculate k(j).
-10
Suppose -16 = 4*l, -4*x = -l - 4*l + 12. Let b(j) = -j**3 - 7*j**2 + 9*j + 11. What is b(x)?
3
Suppose -2*m = -5*a - 47, 0 = 4*m + 5*a - 6 - 13. Suppose 2 - m = -3*u. Let k(r) = u*r**2 + 4*r - 5*r**2 + 3*r**2 - 4. Calculate k(-4).
-4
Let f be 13 - 1*(-4 - 12/(-4)). Let v be (-36)/10 - f/35. Let b(h) = -h**2 - 7*h - 5. Determine b(v).
7
Let a(z) = 2026*z - 4045*z - 9 + 2021*z. Give a(7).
5
Suppose -15 = -3*h + 3*x - 0, 0 = h - 4*x - 2. Let n(v) = 7*v + 17*v**2 - 2 - 3 - 18*v**2. Give n(h).
1
Let h(x) = x**3 + 3*x**2 - 4*x - 6. Let l = -72 + 69. Let r = -9 - -7. Let a be l - (2/(-1))/r. Calculate h(a).
-6
Let h(c) = -c - 9. Let l(x) = x - 1. Let q be l(6). Let g be h(q). Let m = 8 + g. Let z(b) = -b**2 - 6*b - 1. Calculate z(m).
-1
Suppose -4*g + 5*g - 3 = 0. Let r(l) = 0 + 3 - 3*l**g - 2*l - 4. Suppose -21*p = -t - 17*p + 3, -5*p - 3 = -2*t. Determine r(t).
4
Let k(o) = o**3 - 8*o**2 + o - 5. Let n = -671 + 679. What is k(n)?
3
Suppose -31 = -4*w - 7. Let q(t) be the third derivative of -t**4/24 + 7*t**3/6 - 14*t**2. Give q(w).
1
Let d(x) be the third derivative of -x**6/360 - 7*x**5/60 + 5*x**4/24 - x**3/2 - 2*x**2 - 28. Let m(b) be the second derivative of d(b). What is m(-10)?
6
Let q(x) = x**2 - 9*x + 22. Let h be q(4). Suppose -33 = -5*i - 3*p, -19 - h = -3*i - 3*p. Let w(c) = -c - 2. Determine w(i).
-8
Let a(l) = -2*l + 10. Let p be a(5). Suppose -4*o - 10 = -2*o + 2*b, -5*o + 5*b - 5 = p. L